). Let h be f(-13). What are the prime factors of 0/h - 2 - -26?
2, 3
Let s(k) = 20*k**2 + 32*k + 6. Let r be s(-6). Suppose 4*p + 94 = y - 49, 0 = 4*y + 3*p - r. List the prime factors of y.
3, 5
Let a(p) = 2*p**2 + 52*p - 100. List the prime factors of a(-50).
2, 5, 23
Suppose 358 = z - 2*q, -3*z + 1114 = -4*q + 50. Suppose -4*l + z = -0*l. What are the prime factors of l?
3, 29
Let y be (2 - 2)/(2 - 0). Suppose y = 3*x + 2*x. Suppose -3*r - 3 = x, 0 = -5*a + 2*a - r + 20. What are the prime factors of a?
7
Let w = 29 + -15. Suppose 3*a - 10 = 2*a + b, 0 = -a - 5*b - w. Suppose -a*n + n = -30. What are the prime factors of n?
2, 3
Let h = -172 - -1028. What are the prime factors of h?
2, 107
Let o = 1319 + -432. What are the prime factors of o?
887
Suppose 4 = c + 1. Suppose 0*i + c*o = -i + 95, 2*o = 5*i - 560. What are the prime factors of i?
2, 5, 11
Let m = 771 - 558. What are the prime factors of m?
3, 71
Let q(r) = -42*r - 3. Let u(d) = 2*d + 15. Let x be u(-6). Suppose -2*y + 0*y + 6 = -4*z, z = -x*y + 2. What are the prime factors of q(z)?
3, 13
Let d = 2676 - 1124. What are the prime factors of d?
2, 97
Let d = -28 + 34. Let q(p) = -4 + 9*p - d - 1. List the prime factors of q(8).
61
Suppose 0 = 4*p - t - 8, 6*p - 2*p = 2*t + 8. Suppose -p*w = -w - 34. Suppose -2*m + 92 = 4*d, -4*m + w = 2*d - 0*m. List the prime factors of d.
5
Suppose -1334 = 12*q - 10562. List the prime factors of q.
769
Let x(p) = 2*p**3 + 8*p**2 + 7*p + 15. List the prime factors of x(8).
1607
Let m(x) = 810*x**2 + 2*x - 3. List the prime factors of m(1).
809
Let m = -1353 + 3115. List the prime factors of m.
2, 881
Let f(l) = 99*l**2 + 3*l + 10. List the prime factors of f(-2).
2, 5
What are the prime factors of (-6)/4*(-2 - (-4 - -430))?
2, 3, 107
Let d = -481 + 499. List the prime factors of d.
2, 3
Suppose 0 = 2*r - g - 44, 2*g = -0*g - 8. Let d = -10 + r. Let n(k) = k**2 - 7*k - 13. List the prime factors of n(d).
17
Suppose -4*f + k = -292, 0 = -3*f + 3*k + 114 + 114. Suppose -5*r + 182 = -3*j + 6*j, 2*j - f = -2*r. What are the prime factors of r?
37
Let m = -1780 - -1926. List the prime factors of m.
2, 73
Let q(w) = -w + 3. Suppose 0 = f - 3*f + 4. Let t be q(f). Suppose 4 + t = m. What are the prime factors of m?
5
Let x = -27 + 6. Let i = -7 - x. Suppose z = 3*z - i. List the prime factors of z.
7
Suppose -d - 5*g = -284, 2*d = -5*g + 2*g + 568. Suppose m = -m + d. What are the prime factors of m?
2, 71
Let i be (-516)/51 + (-6)/(-51). Suppose -3 = b + 29. Let n = i - b. List the prime factors of n.
2, 11
Let a(i) = -46*i + 21. Let j(t) = 9*t - 4. Let v(h) = -2*a(h) - 11*j(h). Let g be v(-6). Let w = 67 - g. List the prime factors of w.
23
Let g(x) = 8*x**2 + 16*x - 42. What are the prime factors of g(7)?
2, 3, 7, 11
Suppose 10 = -w + 3*b + 77, -290 = -4*w + b. Suppose -m + 0*m + w = 0. What are the prime factors of m?
73
Suppose -5*b - 3*y = -3437, 3*y = -y + 16. What are the prime factors of b?
5, 137
Suppose 4*o - 21*o + 2686 = 0. List the prime factors of o.
2, 79
Let u(r) = r**3 + 7*r**2 + 6*r + 6. Let k be u(-6). Suppose 0 = -4*d + k + 6. List the prime factors of -29*(-2)/2 + d.
2
Let f(d) = -d**2 - 2*d + 2. Let y(s) = -3*s**2 - 3*s + 3. Let z(w) = 5*f(w) - 2*y(w). Suppose -52*r = -57*r + 35. List the prime factors of z(r).
5
Suppose 5*r = -4*w + 19, 2*w - w - 10 = 4*r. Suppose w = 4*x + 26, 0 = -5*c + 4*x + 440. What are the prime factors of c?
2, 3, 7
Suppose -2*z + 5*b = -5449, -4981 = 4*z - 4*b - 15897. What are the prime factors of z?
2, 683
Let b(x) = -x**2 + 8*x - 2. Let d be b(7). Suppose d*p + 121 = 4*i, -p = -i + 23 + 6. What are the prime factors of i?
2, 3
Suppose -2959*t = -2970*t + 40359. What are the prime factors of t?
3, 1223
Let c(i) = -i**3 + 8*i**2 - i + 1. Let p be 18/4 - (-19)/(-38). Let b be c(p). Suppose -2*x = q - b, 5*q - 213 = 2*x + 68. List the prime factors of q.
3, 19
Suppose 53*b - 44*b = 1026. List the prime factors of b.
2, 3, 19
Let r = -159 + 1797. What are the prime factors of r?
2, 3, 7, 13
List the prime factors of 117/390 + (-21894)/(-20).
3, 5, 73
Let n be 10*-2*(6/(-8) + 1). Let m(k) = k**3 + 9*k**2 + 7*k - 7. List the prime factors of m(n).
2, 29
Let t be (5/15)/(2/12). Let u(p) = 0*p**2 + p**2 - 6*p + 5 + 0*p**2 + p**t. What are the prime factors of u(4)?
13
Let f = -175 - -574. Suppose -n + 94 = -5*h, 5*n + 5*h = 161 + f. What are the prime factors of n?
109
Suppose -2*f = f + 33. Let b(w) = -w**3 - 11*w**2 + w + 11. Let z be b(f). Suppose 5*x - 2*n - 85 = z, -3*n + n = 4*x - 86. List the prime factors of x.
19
Suppose w - 175 = -4*w. Let b = w - 0. List the prime factors of b.
5, 7
Suppose -5*k = 4*d - 15335, 5*k - 15375 = -32*d + 36*d. What are the prime factors of k?
37, 83
Let z be 1*-4 - (4 - 4). What are the prime factors of ((-240)/(-5))/z*122/(-8)?
3, 61
Suppose -4*f - 5*m - 27 = 0, 0 = 3*f + 2*f - 5*m. Let l = f - -6. Suppose 4*x + 0*k - 146 = -2*k, 77 = l*x - 5*k. List the prime factors of x.
2, 17
Suppose 24 = -3*d - 0*d. Let b = d - -23. What are the prime factors of b?
3, 5
Let p(i) = -i**3 + 18*i**2 + 18*i + 21. Let b be p(19). Suppose 10 = 5*d, o - 74 = b*d - 0*d. List the prime factors of o.
2, 3, 13
Let o(h) = 49*h + 260. List the prime factors of o(6).
2, 277
Let u(j) = 3*j - 4. Let h be u(3). Suppose h*s + 51 = -54. List the prime factors of 4/(-14) - 384/s.
2, 3
Let f(u) be the third derivative of 1/3*u**3 + 1/30*u**5 + 0*u + 0 - 6*u**2 + 0*u**4. List the prime factors of f(-2).
2, 5
Suppose -582 = -17*f + 1475. List the prime factors of f.
11
Let i(h) = -15*h + 231. What are the prime factors of i(-4)?
3, 97
What are the prime factors of (4*2/8)/(2/6564)?
2, 3, 547
Let t(v) = 3*v + 2. Let s(g) = 7 - 6 + 2 + 12*g + 6. Let d(w) = -2*s(w) + 9*t(w). List the prime factors of d(6).
2, 3
List the prime factors of ((-30)/6 - 0)*-79.
5, 79
Let m(o) = -6*o**3 + 10*o**2 + 10*o - 25. Let h(v) = 5*v**3 - 10*v**2 - 11*v + 25. Let x(w) = 5*h(w) + 4*m(w). What are the prime factors of x(12)?
7, 19
Suppose 0 = 43*j - 36*j - 1743. List the prime factors of j.
3, 83
Suppose -b + 5*a + 11 = 0, 2*b = 5*b - 4*a. Let l be 1040/18 - b/18. Suppose -2*h = -5*w + 157, -2*w = 2*h - 2 - l. List the prime factors of w.
31
Let f = -3 + 8. Suppose 2*b - f = -7. List the prime factors of (-7)/b + (0 - 1).
2, 3
Suppose -5*d = -5*r - 2625, -3*r + 644 = d + 111. What are the prime factors of d?
17, 31
Suppose -687 = 3*k - 2559. List the prime factors of k.
2, 3, 13
Let n(p) = 2*p - 1. Let u be n(-2). Suppose -2*j + 11 = -j. Let g = u + j. What are the prime factors of g?
2, 3
Suppose 1550 = 11*n - 2080. List the prime factors of n.
2, 3, 5, 11
List the prime factors of 24*123*(-34)/(-51).
2, 3, 41
Let i = -9 + 19. Let k be (-3)/(2 - i/8). List the prime factors of 3*(12 - (-12)/k).
3
Let x = 1162 + -821. What are the prime factors of x?
11, 31
Suppose -3*r + 4*f + 765 = -2*r, 1582 = 2*r + 5*f. What are the prime factors of r?
11, 71
Suppose 3*n - 296 = 814. What are the prime factors of n?
2, 5, 37
Let v(b) = 74*b**2 + b. Suppose -12 = 4*f - 8. What are the prime factors of v(f)?
73
Let p be ((-6)/(-4))/((-18)/336). Let o = p - -17. Let y = o + 24. What are the prime factors of y?
13
Let i = 968 + -666. Suppose -2*z + y = 2*z - i, -y = 4*z - 298. List the prime factors of z.
3, 5
Let o be (-18)/(-45) + 18/5. Suppose 34 = n - b - 20, -5*b = o*n - 216. Let r = -31 + n. List the prime factors of r.
23
Let w(v) = -v - 22. Let d be w(-13). List the prime factors of 115/((45/(-10))/d).
2, 5, 23
Let p(u) = -3*u - 1. Let r be p(-1). Let a(m) = 0*m + m - 3*m - r*m. What are the prime factors of a(-3)?
2, 3
Let z be 1/(-8) + (-18)/(-144). Let f be (-5 - -3)*(-3 - z). Suppose -5*j = f - 16. What are the prime factors of j?
2
List the prime factors of 544/(-85)*(-530)/4.
2, 53
Let i(h) be the second derivative of 7*h + 0 - 7/6*h**3 - 1/20*h**5 - 6*h**2 - 7/12*h**4. What are the prime factors of i(-7)?
37
Let b(g) = -g**3 + g**2 + 7*g - 4. Let q be b(3). What are the prime factors of (-204)/8*(q - 1)?
3, 17
Let p(g) = 61*g + 53. What are the prime factors of p(4)?
3, 11
Let g(s) = s**2 - s + 2. Let o be g(-2). Let b(m) = 3*m**2 - 15*m + 29. List the prime factors of b(o).
101
Let y(v) = 2*v**2 + 11*v - 5. Let x(r) = -r**2